 - (4 - 5)) + -2?
9
Evaluate (35 - 10) + -12 + -3 + -2.
8
Calculate 4 - ((4 - 12) + 17).
-5
(5 - (-4 - -4)) + -6
-1
Evaluate 2 - (5 - (2 - 1)).
-2
Evaluate (-4 - -4) + 6 + -12.
-6
What is 11 + 1 + (-5 + 6 - 9)?
4
What is -2 - (-5 - -2 - 0)?
1
What is the value of 84 + -84 + 1 + 2?
3
Evaluate 0 + -5 + 5 + (5 - -1).
6
Evaluate -19 + 16 + (-1 - 4).
-8
Evaluate 7 - (17 + (0 - 9)).
-1
What is 0 - (-34 - -27 - (0 + 0))?
7
-11 - (-9 + 0 + -3)
1
Evaluate -4 - -3 - 1 - -3.
1
Calculate 2 + 6 + (0 - (5 + 13)).
-10
Evaluate -1 - (4 + -2) - (3 + -1).
-5
-2 - (3 - 8) - (0 - 2)
5
What is the value of (2 - 24) + (19 - 5)?
-8
What is the value of (3 - 4 - -3) + 1 + -4?
-1
What is 4 + -8 - 5 - -3?
-6
Calculate 4 + (-5 - 4) + 3.
-2
-2 - -3 - (6 - (-6 + 8))
-3
What is -5 + 26 + -6 - 7?
8
What is -2 + 9 + (-4 - 0) + 1?
4
Calculate 3 - (5 + -4 + 1).
1
What is (3 - 8) + 8 + (0 - 0)?
3
Calculate (-3 - (11 + -26)) + -20.
-8
Calculate 6 - (-3 + (-3 - -3 - -5)).
4
Evaluate 3 - (-3 + 9 + 0 - 1).
-2
What is -4 - (-10 - (4 - 8))?
2
What is -5 + 8 + -5 + -2?
-4
(17 - 16) + -12 + 0
-11
-1 - 3 - (9 - 9)
-4
What is -13 - -10 - (0 + -1 - 3)?
1
0 - (1 + -3) - (-4 + 0)
6
What is the value of (-11 - 0) + 6 - -6?
1
5 - 9 - (-6 + 2)
0
Calculate -8 + 0 + 4 - (-4 + 1).
-1
What is the value of -11 - (3 + -20 + 2)?
4
Calculate -2 + 9 + 1 + -5.
3
What is (-11 - -11) + 6 + -2 - 4?
0
Evaluate -3 + 3 + 1 + 2.
3
What is the value of 4 + -16 + 3 + 7?
-2
Calculate (-1 - -1) + 4 + (-7 - -1).
-2
Evaluate -6 + (4 - -8) + -3.
3
Calculate -3 + -1 + 9 + -3.
2
What is the value of -3 + -1 + -1 + -1 + 5?
-1
(-13 - -28) + -15 - (-5 - 1)
6
5 + -3 + -6 - -2 - -8
6
What is the value of -3 + 0 + (2 - -3) + 1?
3
Evaluate 0 + 1 + 4 + -4 + 3.
4
What is the value of (1 - 1) + 3 + (13 - 19)?
-3
Calculate (-5 - (-1 + (-1 - 6))) + -2.
1
What is 0 + -1 + (-2 - -6) - -2?
5
What is the value of (1 - 4) + 5 - (-3 - -11)?
-6
-6 - (1 + -2 + -4) - 6
-7
What is 1 + 10 + -44 + 38?
5
Evaluate 3 + 0 + (4 - 2) + -1.
4
Evaluate 0 - -7 - 2 - -1.
6
Calculate -2 - -1 - (-11 + 5 - -6).
-1
What is -4 + -3 + 7 - 4?
-4
-1 + 4 + 3 + -4
2
Calculate (0 - -5) + (-3 - 1).
1
-5 + (1 + 4 - 6)
-6
59 + -72 - (-10 - -2)
-5
What is the value of (-12 - -23) + -10 + 6?
7
What is -38 - -47 - (1 + 8)?
0
Calculate (8 - (9 + -4)) + -8.
-5
(0 - 4) + -11 + 10
-5
What is the value of 0 - (6 - (3 + 2))?
-1
Evaluate 5 - (-7 - -2 - -14).
-4
What is the value of 14 + -9 + -15 + 3?
-7
What is the value of 24 + -28 - (1 + -8 - -2)?
1
Evaluate 7 - 1 - (-10 + 19).
-3
What is the value of -8 - (-4 + (-1 - 2) - -4)?
-5
What is the value of -1 - -2 - -2 - (19 - 10)?
-6
What is -12 - (28 - 27 - (8 - 2))?
-7
What is the value of (1 - -3) + 0 + -8?
-4
What is 3 + (-12 - 0 - -5)?
-4
Evaluate -3 - (-3 + 3) - -3.
0
-2 + -3 + -4 + 7
-2
4 - (18 + -8) - -10
4
What is the value of (-6 - -13 - 2) + -1?
4
Evaluate (-4 - -1 - 4) + (1 - -3).
-3
What is the value of 0 - (2 + -3 + 6)?
-5
What is 7 - 1 - (-18 - -25)?
-1
Evaluate 2 - (7 + -4 + -4).
3
Calculate -6 - (-8 + (0 - -5)).
-3
Calculate -1 + -4 + (-4 - (-5 + -2)).
-2
Evaluate -3 - (3 + -8) - (-3 - -5).
0
What is the value of -6 + -3 + 13 + -7 + -5?
-8
Evaluate -2 + -4 + (-6 - -11) + 1.
0
Evaluate 1 + (-2 - (-3 - (0 - 2))).
0
Calculate 0 - (-6 - (5 + -7)).
4
-1 - -5 - -1 - 1
4
-9 + -1 + 1 - (28 + -31)
-6
What is 4 - (-1 - -6) - -1?
0
What is the value of 11 - (-8 + 2 - (-8 - 0))?
9
What is the value of -3 - (2 - (2 + 1))?
-2
15 - (0 + 6 + 8)
1
(8 - -6) + -11 - (3 - 6)
6
3 + 1 + -7 + 9 + -1
5
What is (-15 - 0 - -4) + 6?
-5
Evaluate (-4 - 1) + 9 + -1.
3
2 - 0 - (24 - 19)
-3
-3 + -2 + (-4 - -10)
1
What is -8 - ((3 - 2) + -4)?
-5
Evaluate (-3 - (1 + -3)) + -2 - -3.
0
0 - (0 + -1 + 1 + 3)
-3
Evaluate -4 + (2 + 6 - 4) + 0.
0
What is the value of 10 + (0 - 1) + (0 - 6)?
3
Calculate 6 - 2 - (4 + 0 + 6).
-6
Evaluate -6 + -1 - (107 + -124).
10
What is 57 - 54 - (-2 + 15)?
-10
Evaluate (-1 - -2) + (-1 - (-12 + 13)).
-1
What is the value of 1 - -1 - (17 - 18)?
3
Calculate -1 - 1 - -5 - (126 + -124).
1
What is (-4 - -5) + -2 + 5 + 1?
5
12 + (-9 - ((1 - -2) + -6))
6
Evaluate -3 - (-34 + 23 - (-3 + 1)).
6
What is the value of -8 + 0 + -23 + 37?
6
What is -6 + 2 + (-34 - -36)?
-2
-4 + (2 + 2 - 2)
-2
Calculate 9 - 9 - -5 - (1 - 0).
4
Evaluate (3 - 7) + 5 + 0.
1
What is -6 + 9 + -10 + 9?
2
Calculate 4 + -7 + 1 - (2 + -8).
4
What is the value of -5 + (-6 + 3 - 1 - -5)?
-4
-4 + 1 - (3 + 1 - 7)
0
What is the value of (-6 - -7) + (0 - (-2 - 0))?
3
Calculate 4 + (-2 - -3 - (8 + 5)).
-8
What is the value of (6 - 9 - -4) + -9 - -2?
-6
Evaluate 3 + -7 + -3 + 4 + -2.
-5
What is 4 + 3 - (4 - (15 + -8))?
10
Calculate -47 - -43 - (-6 + 1).
1
What is (3 - -1) + -17 + (5 - -2)?
-6
Calculate 5 + (-3 + 4 - (2 + -1)).
5
What is the value of -10 + 10 + 5 - (0 + 2)?
3
4 - (7 - -1 - 4) - 2
-2
What is (4 - 4 - 2) + 3 + 0?
1
What is the value of 15 - ((9 - 16) + 16)?
6
Calculate -9 + 5 + 8 + -5.
-1
Evaluate (-2 - (0 - 5)) + (-7 - -1).
-3
What is 2 - 2 - (0 - 3)?
3
What is -13 + 9 + (5 - (0 + 6))?
-5
(-6 + 5 - -5) + -1
3
-8 + -4 - (-11 - -7)
-8
Evaluate -2 + 2 - -4 - (0 - 1).
5
Evaluate 5 - (5 + -4 + 6).
-2
What is the value of 0 + (-7 + 2 - -3 - 1)?
-3
-3 + (-1 - -1) + 8
5
Evaluate 17 - (0 - 6 - -15).
8
Evaluate -14 - (4 - (-6 + 19)).
-5
What is -3 + 11 + (-4 - -2 - 2)?
4
What is -13 + 2 - (-1 + -9)?
-1
Calculate 9 + -15 - (-9 + 1 - -1).
1
Evaluate 2 + (-2 - 5) + 17 + -12.
0
What is the value of (3 - -1) + 8 + 19 + -22?
9
What is -3 + -2 + 0 + 3 + 2?
0
(7 - 6) + -3 - 1
-3
What is 12 + -4 + -11 - 5?
-8
What is -1 + 1 + -4 - (3 + -14)?
7
Calculate 0 + (-2 - (-1 - -3 - 7)).
3
-1 + -3 + 4 + -1 + -5
-6
Evaluate 3 + (1 - 9) - 0.
-5
8 + -6 - (1 + 1)
0
Evaluate -2 - -1 - (-2 + -5 + 7).
-1
What is the value of (6 - 0 - 3) + 2 - 4?
1
What is (-15 - -21) + -2 + 3 + -2?
5
Evaluate 9 + -11 - (-2 + 0).
0
What is the value of 1 - (4 + -2 + -2) - 5?
-4
Evaluate 1 + (0 - (8 - 7)).
0
Evaluate (6 - 5) + -4 + 6.
3
What is -7 - (-6 + -3 - -3)?
-1
Evaluate (-2 - 0) + -3 + 8 + -4.
-1
-9 + 1 + (-2 - -4) - -4
-2
Calculate (20 - 17) + -2 + -2 - -4.
3
Calculate 104 + -98 + (1 - 1).
6
Evaluate 5 + (-6 - -4) + -4.
-1
Calculate -20 + 23 + (1 - -1) - 1.
4
What is 61 + -55 + (-16 - -1)?
-9
Calculate -4 + (4 - 2 - 3).
-5
What is the value of 22 + -19 + (-12 - -2)?
-7
Evaluate (-1 - -5) + 6 - 7.
3
What is the value of (-17 - -10) + -3 - -6?
-4
Calculate 13 + -5 + (-22 - -11).
-3
(-9 - 3 - -8) + -3 + 18
11
Calculate 0 + -4 + (-33 - -31).
-6
Calculate 11 - 9 - (3 - (1 + -3)).
-3
Calculate 0 + 7 + -114 + 105.
-2
Calculate -9 - -3 - ((-5 - -3) + -9).
5
Evaluate 48 + -40 - (-1 - -15).
-6
What is 10 + -14 - (2 - 6 - 2)?
2
1 + (3 - 6) - 0 - 0
-2
What is -7 + (3 - 7 - -6)?
-5
What is -2 + 8 - (12 + -9)?
3
Calculate 12 - (25 + -7) - -11.
5
Calculate -9 + (10 - 5) + -4.
-8
Calculate 9 + -8 + 4 - 10.
-5
What is (-3 - (5 + -5)) + 1?
-2
Calculate 0 + -1 + -1 + (-16 - -17).
-1
What is the value of -4 + 7 + 0 + 1 + -6?
-2
What is the value of (-1 - -12) + (63 - 68)?
6
What is (-2 + 2 - (3 - 7)) + 1?
5
What is the value of (8 - 1) + (19 - 23)?
3
What is the value of -2 + -5 + 6 + 2?
1
What is -6 - -4 - (-2 - 4)?
4
What is the value of (20 - (-12 + 22)) + -9?
1
What is the value of 1 + -4 + (-120 - -125)?
2
Evaluate -4 - (-12 - -10) - 6.
-8
0 + 1 + 0 + -1 + -3
-3
What is 2 + 6 + 1 + -8?
1
What is (-5 - -1 - -7) + 0?
3
2 + (5 - (-3 + 2 - -6))
2
4 - (9 - (0 + 1))
-4
What is 5 + -5 + (2 - 2) - -2?
2
Calculate -10 + (8 - 2) + 2.
-2
What is the value of 1 + 6 + (-7 - (-2 + 9))?
-7
What is the value of -2 + 0 + 1 + 0 - -1?
0
What is the value of 3 + -9 - -3 - 1?
-4
What is (6 + -4 - -8) + (-8 - -3)?
5
Calculate 25 + -19 + (2 - 14).
-6
8 + -10 - -2 - 6
-6
Calculate -6 - (-7 + 0 - -6).
-5
Calculate (-2 - (-2 - 1)) + 1.
2
(-143 - -136) + (7 - 0)
0
Evaluate (-8 + -4 - -7) + (0 - 0).
-5
5 - (-1 - -1) - 2
3
What is 10 - 10 - (-1 - 10 - -5)?
6
Calculate -5 + 7 + (3 - 8).
-3
-1 + -2 - (-1 + -3)
1
Calculate -1 + 8 - (1 - -7 - 5).
4
Evaluate -1 - (0 - (5 + -5)).
-1
What is -2 + 6 + -14 + 4 + 1?
-5
Evaluate 14 + -23 + -5 + 6.
-8
0 + 1 - -2 - 4
-1
What is the value of -12 + 4 - ((-4 - -4) + -5)?
-3
What is the value of (-1 - 6) + -1 + -8 + 11?
-5
(-1 - 0) + (3 + -6 - -7)
3
What is -2 - (-12 - -4 - -10)?
-4
-7 + (1 - (4 + -6))